e 0 = -s + 6*s - u - 23, 3*s - 5*u = 5. Let q(h) = -7*h - 137. Let r be q(-26). What is the greatest common factor of r and s?
5
Let s = 184 + -168. What is the highest common divisor of 16 and s?
16
Suppose 3*c + c = 0, -c = -3*w + 519. Suppose 43 = -x + 2*x + 2*u, -3*x + w = -5*u. Calculate the highest common factor of x and 17.
17
Let z = 0 + 3. Let u(a) = -a**2 + 6. Let d be u(4). Let l = d + 19. What is the greatest common divisor of z and l?
3
Let f be (-6)/18*-18 + 134. Calculate the highest common factor of 320 and f.
20
Suppose 27 = 4*q + 27. Suppose q = -9*u + 14*u - 140. What is the greatest common divisor of 7 and u?
7
Let h = 33 + 3. Let j = -12 + h. Suppose -7*b + 4*b + 24 = 0. What is the greatest common factor of j and b?
8
Let m be (-5 + 4)*3*1. Let i be 9 + m + -1*3. Suppose 5*k + 37 = d, i*d - 7*d + k = -110. Calculate the highest common factor of d and 27.
27
Let d be 1/2*29/(174/360). Calculate the highest common factor of 1650 and d.
30
Let f be 223236/1166 - (1 - 17/11). Calculate the highest common divisor of 120 and f.
24
Suppose 4*j = j - 27. Let i(o) = -o**2 - 7*o + 9. Let b be i(j). Let z(m) = -7*m + 9. Let a be z(b). Calculate the highest common divisor of a and 24.
24
Suppose 0*t - 5*t - 10 = 0. Let m be t/(-11) - 64/(-11). Let n = 2 - -7. Calculate the greatest common factor of n and m.
3
Suppose 129 - 584 = -13*h. Calculate the highest common divisor of 10 and h.
5
Let h be 3/(63/196)*(-24)/(-16). Let o = -48 + 90. What is the greatest common divisor of o and h?
14
Let u = -4015 - -4103. Let m = 39 + -28. What is the greatest common divisor of m and u?
11
Let x be (-2)/3 + 694/6. Let m = 92 + -50. Suppose -2*p + x = 5*d + 38, -2*p - m = -2*d. What is the greatest common divisor of d and 85?
17
Suppose 0 = -4*u + 3*s + 124, -33 = u + 2*s - 53. What is the highest common divisor of u and 44?
4
Let a(j) be the third derivative of 5*j**4/24 - 13*j**3/6 - 5*j**2. Let l be a(5). What is the greatest common divisor of 8 and l?
4
Let m = 5 - 10. Let i(v) = -v**2 + 50. Let a be i(8). Let b = m - a. What is the greatest common factor of 9 and b?
9
Let k = 66 + -36. Suppose -k*d + 26*d = 0. Let y be (-3)/((-12)/160) - d. Calculate the greatest common divisor of y and 10.
10
Let z(g) = -15*g - 4. Let o(v) = 15*v + 3. Let u(q) = 7*o(q) + 6*z(q). Let k be u(9). What is the greatest common factor of k and 12?
12
Let p = -94 + 154. Calculate the highest common divisor of 24 and p.
12
Let y be -3 - 2*(-36 + -2). Suppose -5*n = 4*r + y, -5*n - 5*r - 89 + 14 = 0. Let g = n - -19. What is the highest common factor of 30 and g?
6
Let s be 7/((-21)/12) + 6. Suppose -s*m + 36 + 20 = 0. Let v(c) = -c**2 - 14*c + 7. Let g be v(-7). Calculate the greatest common factor of m and g.
28
Let b be -2 + 9 + 2 + (-24)/8. Calculate the highest common factor of b and 28.
2
Let a = -1494 - -1509. What is the greatest common divisor of a and 1005?
15
Let p(t) = t**3 + 14*t**2 - 15*t - 19. Let i be p(-15). Suppose -8 = 5*y + 22. Let u be i/(-3) - 4/y. What is the greatest common divisor of u and 7?
7
Suppose 6*f - 338 = -74. Calculate the greatest common divisor of 4 and f.
4
Let h(n) = -n**2 + 14*n + 27. Suppose -p + 2*p - 5 = 2*r, 4*p = r + 41. Let f be h(p). Calculate the highest common divisor of 48 and f.
12
Let t be 1878 - (7 + -16) - -1. Calculate the highest common divisor of 32 and t.
32
Suppose -5*r - 109 = -409. What is the highest common divisor of r and 30?
30
Suppose 2*q - 4*l - 1440 - 102 = 0, 2 = l. What is the highest common factor of 25 and q?
25
Let a(j) be the second derivative of -3*j**5/20 + j**2/2 + 21*j. Let c be a(-2). Suppose 7 = 2*q - 3. Calculate the greatest common factor of c and q.
5
Suppose -5*a + 3*s + 1 + 61 = 0, 0 = -4*s - 16. Let c be ((-1)/(-5))/(14/70). Let v be (-4)/(-4 + c - -1). Calculate the highest common factor of a and v.
2
Let s(f) = 2*f**3 - f**2 - 29*f - 17. Let y be s(7). What is the greatest common divisor of 6 and y?
3
Suppose -4*x + 3*y - 6*y + 372 = 0, 2*x = 5*y + 186. Let u(b) = -b**3 + 136*b**2 - b + 198. Let c be u(136). What is the greatest common divisor of c and x?
31
Suppose 5*u + 0*u = 0. Suppose 2*d - 2 - 2 = u. Suppose 0*y + d*y - 98 = 0. What is the highest common factor of 7 and y?
7
Let c(y) = 2*y + 7. Let g be c(-2). Let a = g + 26. Calculate the highest common factor of a and 232.
29
Let y(q) = 108*q**2 - 15*q - 13. Let p be y(-1). What is the greatest common divisor of p and 80?
10
Suppose 0 = n - 52 + 4. Suppose -2*t - 36 = -3*i, 0*i + 4*i - n = 2*t. Suppose 5*p - i = 3*p. Calculate the highest common divisor of p and 6.
6
Let z(q) = 12*q - 17*q - 19 + 10*q. Let g be z(8). Let x be (-3)/(-1)*28/12. What is the greatest common divisor of x and g?
7
Suppose 2*z = -13 + 61. Suppose z = 5*w - 71. Calculate the greatest common factor of w and 133.
19
Let q = 954 + -519. Calculate the greatest common divisor of q and 15.
15
Let t(f) = -f**2 - 12*f + 3. Let v be t(-9). Let n be (-4)/6 + (-11)/((-297)/2043). Calculate the highest common factor of v and n.
15
Suppose 25 + 7 = 4*a. Let t be 4/(-6) - a/24. Let h(s) = -13*s - 2. Let n be h(t). Calculate the greatest common divisor of n and 11.
11
Let b(m) = -2*m - 6. Let z(x) = -x + 1. Let o(p) = b(p) + 3*z(p). Let f be o(-12). Let v = -35 + f. Calculate the greatest common divisor of 33 and v.
11
Let p be ((-19)/(190/(-84)))/(2/10). Suppose 44*q - p*q = 60. What is the highest common factor of 18 and q?
6
Let p = -49 + 63. Suppose -p*o + 6 = -11*o. Calculate the greatest common divisor of 12 and o.
2
Let w = 15 - 11. Suppose r = -2*u + 4*r - 6, 2*r = w*u - 4. Let b be -2 + (u - -14) - 2. What is the highest common factor of b and 13?
13
Let a(h) = h**3 - 4*h**2 + 18*h - 33. Let b be a(6). Calculate the highest common factor of 98 and b.
49
Let f = -45 + 129. Let g be f + -47 - (0/1 + 3). Calculate the greatest common factor of 51 and g.
17
Let p(s) = -s**2 - 8*s - 6. Let t be p(-5). Let o = -159 - -162. Suppose o*w + 156 = 4*h, 3*h = 5*w + 78 + 50. Calculate the greatest common divisor of h and t.
9
Let p be -12*(-3 + (-33)/(-9))*-17. Calculate the highest common factor of p and 8.
8
Let p be ((-150)/(-21) - 6)*14. Calculate the greatest common divisor of p and 72.
8
Let w be -1*(4 + -1 - -23). Let p = w + 35. What is the greatest common factor of 99 and p?
9
Let g be -4 + 0*(-4)/(-12)*-3. Let x be 2/(g/(-38)) + 18 + -21. Calculate the highest common factor of x and 16.
16
Let v = -132 + 196. Suppose 44 = 4*w + 4*m, -4*m = -2*w - 3*w + v. What is the greatest common factor of w and 36?
12
Let c = -66 + 94. Calculate the highest common divisor of 112 and c.
28
Let u = 395 + -235. Suppose -2*q = 3*w + 4, 2*w + 0*q = 4*q + 24. Suppose 2*v = -w*v + u. What is the greatest common factor of v and 5?
5
Let k = -11 - -35. Suppose j - 3*h + 1412 - 1481 = 0, -2*j = -h - 123. Calculate the highest common factor of j and k.
12
Suppose 2*i - 4 = -0. Suppose 0 = 5*g - 7*r + 2*r - 85, -3*g + 56 = -2*r. What is the highest common divisor of g and i?
2
Let c(o) be the first derivative of 13*o**3/3 - 3*o**2/2 - o - 22. Let a be c(-3). Calculate the greatest common divisor of a and 25.
25
Suppose 3*z - 31 = -13, 2*w = 2*z + 336. Let n = 155 + -39. Calculate the highest common factor of n and w.
58
Let r = -1343 + 1365. What is the highest common factor of 583 and r?
11
Let j = 121 - -9. Calculate the highest common factor of 156 and j.
26
Let j = 34 - -66. What is the greatest common divisor of j and 80?
20
Let j = 48 + -23. Let o be (-48)/(-5) - (-10)/j. What is the highest common divisor of o and 80?
10
Suppose 0 = -14*p + 9*p + 240. Let j = p + -43. What is the greatest common divisor of 45 and j?
5
Let m(n) = n**2 - 43*n - 333. Let h be m(-7). Calculate the greatest common factor of 5 and h.
1
Suppose 0 = y + 4*y. Suppose -6*h + h + 110 = y. Suppose 0 = 6*s - 96 - 234. Calculate the greatest common factor of s and h.
11
Let n be 0 - 3/2*2. Let o be -226*n*1/(-6). Let z = 266 + o. What is the greatest common factor of z and 17?
17
Let m(y) = y + 19. Let l be m(8). What is the highest common factor of 675 and l?
27
Let h = 602 - 542. What is the greatest common factor of 15 and h?
15
Let c(w) = 9*w**3 - 4*w**2 + 3*w - 2. Let t be c(2). Suppose 124 = 3*q